{"id":741,"date":"2021-10-29T08:15:42","date_gmt":"2021-10-29T08:15:42","guid":{"rendered":"https:\/\/demo.athemes.com\/sydney-main\/?page_id=5"},"modified":"2026-03-30T08:28:04","modified_gmt":"2026-03-30T08:28:04","slug":"khb","status":"publish","type":"page","link":"https:\/\/khb.fi\/","title":{"rendered":""},"content":{"rendered":"\t\t<div data-elementor-type=\"wp-page\" data-elementor-id=\"741\" class=\"elementor elementor-741\">\n\t\t\t\t\t\t<section class=\"elementor-section elementor-top-section elementor-element elementor-element-dfaf111 elementor-section-boxed elementor-section-height-default elementor-section-height-default\" data-id=\"dfaf111\" data-element_type=\"section\">\n\t\t\t\t\t\t<div class=\"elementor-container elementor-column-gap-default\">\n\t\t\t\t\t<div class=\"elementor-column elementor-col-100 elementor-top-column elementor-element elementor-element-c81e7fd\" data-id=\"c81e7fd\" data-element_type=\"column\">\n\t\t\t<div class=\"elementor-widget-wrap elementor-element-populated\">\n\t\t\t\t\t\t<div class=\"elementor-element elementor-element-8359940 elementor-widget elementor-widget-image\" data-id=\"8359940\" data-element_type=\"widget\" data-widget_type=\"image.default\">\n\t\t\t\t<div class=\"elementor-widget-container\">\n\t\t\t\t\t\t\t\t\t\t\t\t\t\t\t<img fetchpriority=\"high\" decoding=\"async\" width=\"545\" height=\"256\" src=\"https:\/\/khb.fi\/wp-content\/uploads\/2025\/01\/khb-logo-white.png\" class=\"attachment-large size-large wp-image-934\" alt=\"\" srcset=\"https:\/\/khb.fi\/wp-content\/uploads\/2025\/01\/khb-logo-white.png 545w, https:\/\/khb.fi\/wp-content\/uploads\/2025\/01\/khb-logo-white-300x141.png 300w\" sizes=\"(max-width: 545px) 100vw, 545px\" \/>\t\t\t\t\t\t\t\t\t\t\t\t\t\t\t<\/div>\n\t\t\t\t<\/div>\n\t\t\t\t\t<\/div>\n\t\t<\/div>\n\t\t\t\t\t<\/div>\n\t\t<\/section>\n\t\t\t\t<section class=\"elementor-section elementor-top-section elementor-element elementor-element-f3699bc elementor-section-boxed elementor-section-height-default elementor-section-height-default\" data-id=\"f3699bc\" data-element_type=\"section\" data-settings=\"{&quot;background_background&quot;:&quot;gradient&quot;}\">\n\t\t\t\t\t\t<div class=\"elementor-container elementor-column-gap-default\">\n\t\t\t\t\t<div class=\"elementor-column elementor-col-100 elementor-top-column elementor-element elementor-element-5d92cd5 elementor-invisible\" data-id=\"5d92cd5\" data-element_type=\"column\" data-settings=\"{&quot;animation&quot;:&quot;fadeIn&quot;}\">\n\t\t\t<div class=\"elementor-widget-wrap elementor-element-populated\">\n\t\t\t\t\t\t<div class=\"elementor-element elementor-element-12ee836 elementor-invisible elementor-widget elementor-widget-icon-box\" data-id=\"12ee836\" data-element_type=\"widget\" data-settings=\"{&quot;_animation&quot;:&quot;fadeIn&quot;}\" data-widget_type=\"icon-box.default\">\n\t\t\t\t<div class=\"elementor-widget-container\">\n\t\t\t\t\t\t\t<div class=\"elementor-icon-box-wrapper\">\n\n\t\t\t\n\t\t\t\t\t\t<div class=\"elementor-icon-box-content\">\n\n\t\t\t\t\t\t\t\t\t<h2 class=\"elementor-icon-box-title\">\n\t\t\t\t\t\t<span  >\n\t\t\t\t\t\t\tP.  044 2460 526\t\t\t\t\t\t<\/span>\n\t\t\t\t\t<\/h2>\n\t\t\t\t\n\t\t\t\t\t\t\t\t\t<p class=\"elementor-icon-box-description\">\n\t\t\t\t\t\tKatja's Home Beauty tarjoaa kosmetologi- ja jalkahoitopalveluja sek\u00e4 rentoutushoitoja. Varaa aika soittamalla. Jos en ehdi vastaamaan, laita tekstiviesti tai whatsapp-viesti. <br><br>Hoitoajat iltaisin ja viikonloppuisin. <br><br>\t\t\t\t\t<\/p>\n\t\t\t\t\n\t\t\t<\/div>\n\t\t\t\n\t\t<\/div>\n\t\t\t\t\t\t<\/div>\n\t\t\t\t<\/div>\n\t\t\t\t<div class=\"elementor-element elementor-element-7652746 elementor-widget elementor-widget-spacer\" data-id=\"7652746\" data-element_type=\"widget\" data-widget_type=\"spacer.default\">\n\t\t\t\t<div class=\"elementor-widget-container\">\n\t\t\t\t\t\t\t<div class=\"elementor-spacer\">\n\t\t\t<div class=\"elementor-spacer-inner\"><\/div>\n\t\t<\/div>\n\t\t\t\t\t\t<\/div>\n\t\t\t\t<\/div>\n\t\t\t\t\t<\/div>\n\t\t<\/div>\n\t\t\t\t\t<\/div>\n\t\t<\/section>\n\t\t\t\t<section class=\"elementor-section elementor-top-section elementor-element elementor-element-f790d39 elementor-section-boxed elementor-section-height-default elementor-section-height-default\" data-id=\"f790d39\" data-element_type=\"section\">\n\t\t\t\t\t\t<div class=\"elementor-container elementor-column-gap-default\">\n\t\t\t\t\t<div class=\"elementor-column elementor-col-50 elementor-top-column elementor-element elementor-element-b6a44fb\" data-id=\"b6a44fb\" data-element_type=\"column\">\n\t\t\t<div class=\"elementor-widget-wrap elementor-element-populated\">\n\t\t\t\t\t\t<div class=\"elementor-element elementor-element-43a0f16 elementor-widget elementor-widget-image\" data-id=\"43a0f16\" data-element_type=\"widget\" data-widget_type=\"image.default\">\n\t\t\t\t<div class=\"elementor-widget-container\">\n\t\t\t\t\t\t\t\t\t\t\t\t\t\t\t\t<a href=\"https:\/\/khb.fi\/wp-content\/uploads\/2022\/07\/jalkahoito.jpg\" data-elementor-open-lightbox=\"yes\" data-elementor-lightbox-title=\"jalkahoito\" data-e-action-hash=\"#elementor-action%3Aaction%3Dlightbox%26settings%3DeyJpZCI6NzQ1LCJ1cmwiOiJodHRwczpcL1wva2hiLmZpXC93cC1jb250ZW50XC91cGxvYWRzXC8yMDIyXC8wN1wvamFsa2Fob2l0by5qcGcifQ%3D%3D\">\n\t\t\t\t\t\t\t<img decoding=\"async\" width=\"1024\" height=\"685\" src=\"https:\/\/khb.fi\/wp-content\/uploads\/2022\/07\/jalkahoito-1024x685.jpg\" class=\"attachment-large size-large wp-image-745\" alt=\"\" srcset=\"https:\/\/khb.fi\/wp-content\/uploads\/2022\/07\/jalkahoito-1024x685.jpg 1024w, https:\/\/khb.fi\/wp-content\/uploads\/2022\/07\/jalkahoito-300x201.jpg 300w, https:\/\/khb.fi\/wp-content\/uploads\/2022\/07\/jalkahoito-768x514.jpg 768w, https:\/\/khb.fi\/wp-content\/uploads\/2022\/07\/jalkahoito-1536x1028.jpg 1536w, https:\/\/khb.fi\/wp-content\/uploads\/2022\/07\/jalkahoito-920x616.jpg 920w, https:\/\/khb.fi\/wp-content\/uploads\/2022\/07\/jalkahoito-230x154.jpg 230w, https:\/\/khb.fi\/wp-content\/uploads\/2022\/07\/jalkahoito-350x234.jpg 350w, https:\/\/khb.fi\/wp-content\/uploads\/2022\/07\/jalkahoito-480x321.jpg 480w, https:\/\/khb.fi\/wp-content\/uploads\/2022\/07\/jalkahoito.jpg 1920w\" sizes=\"(max-width: 1024px) 100vw, 1024px\" \/>\t\t\t\t\t\t\t\t<\/a>\n\t\t\t\t\t\t\t\t\t\t\t\t\t\t\t<\/div>\n\t\t\t\t<\/div>\n\t\t\t\t<div class=\"elementor-element elementor-element-e7eabd3 elementor-widget elementor-widget-image\" data-id=\"e7eabd3\" data-element_type=\"widget\" data-widget_type=\"image.default\">\n\t\t\t\t<div class=\"elementor-widget-container\">\n\t\t\t\t\t\t\t\t\t\t\t\t\t\t\t\t<a href=\"https:\/\/khb.fi\/wp-content\/uploads\/2022\/07\/hieronta-kadet.jpg\" data-elementor-open-lightbox=\"yes\" data-elementor-lightbox-title=\"hieronta-kadet\" data-e-action-hash=\"#elementor-action%3Aaction%3Dlightbox%26settings%3DeyJpZCI6NzQ3LCJ1cmwiOiJodHRwczpcL1wva2hiLmZpXC93cC1jb250ZW50XC91cGxvYWRzXC8yMDIyXC8wN1wvaGllcm9udGEta2FkZXQuanBnIn0%3D\">\n\t\t\t\t\t\t\t<img decoding=\"async\" width=\"1024\" height=\"680\" src=\"https:\/\/khb.fi\/wp-content\/uploads\/2022\/07\/hieronta-kadet-1024x680.jpg\" class=\"attachment-large size-large wp-image-747\" alt=\"\" srcset=\"https:\/\/khb.fi\/wp-content\/uploads\/2022\/07\/hieronta-kadet-1024x680.jpg 1024w, https:\/\/khb.fi\/wp-content\/uploads\/2022\/07\/hieronta-kadet-300x199.jpg 300w, https:\/\/khb.fi\/wp-content\/uploads\/2022\/07\/hieronta-kadet-768x510.jpg 768w, https:\/\/khb.fi\/wp-content\/uploads\/2022\/07\/hieronta-kadet-1536x1020.jpg 1536w, https:\/\/khb.fi\/wp-content\/uploads\/2022\/07\/hieronta-kadet-920x611.jpg 920w, https:\/\/khb.fi\/wp-content\/uploads\/2022\/07\/hieronta-kadet-230x153.jpg 230w, https:\/\/khb.fi\/wp-content\/uploads\/2022\/07\/hieronta-kadet-350x232.jpg 350w, https:\/\/khb.fi\/wp-content\/uploads\/2022\/07\/hieronta-kadet-480x319.jpg 480w, https:\/\/khb.fi\/wp-content\/uploads\/2022\/07\/hieronta-kadet.jpg 1920w\" sizes=\"(max-width: 1024px) 100vw, 1024px\" \/>\t\t\t\t\t\t\t\t<\/a>\n\t\t\t\t\t\t\t\t\t\t\t\t\t\t\t<\/div>\n\t\t\t\t<\/div>\n\t\t\t\t\t<\/div>\n\t\t<\/div>\n\t\t\t\t<div class=\"elementor-column elementor-col-50 elementor-top-column elementor-element elementor-element-4f9b8c8\" data-id=\"4f9b8c8\" data-element_type=\"column\">\n\t\t\t<div class=\"elementor-widget-wrap elementor-element-populated\">\n\t\t\t\t\t\t<div class=\"elementor-element elementor-element-7f60dcb elementor-widget elementor-widget-image\" data-id=\"7f60dcb\" data-element_type=\"widget\" data-widget_type=\"image.default\">\n\t\t\t\t<div class=\"elementor-widget-container\">\n\t\t\t\t\t\t\t\t\t\t\t\t\t\t\t\t<a href=\"https:\/\/khb.fi\/wp-content\/uploads\/2022\/07\/kasvomaski.jpg\" data-elementor-open-lightbox=\"yes\" data-elementor-lightbox-title=\"kasvomaski\" data-e-action-hash=\"#elementor-action%3Aaction%3Dlightbox%26settings%3DeyJpZCI6NzcyLCJ1cmwiOiJodHRwczpcL1wva2hiLmZpXC93cC1jb250ZW50XC91cGxvYWRzXC8yMDIyXC8wN1wva2Fzdm9tYXNraS5qcGcifQ%3D%3D\">\n\t\t\t\t\t\t\t<img loading=\"lazy\" decoding=\"async\" width=\"683\" height=\"1024\" src=\"https:\/\/khb.fi\/wp-content\/uploads\/2022\/07\/kasvomaski-683x1024.jpg\" class=\"attachment-large size-large wp-image-772\" alt=\"\" srcset=\"https:\/\/khb.fi\/wp-content\/uploads\/2022\/07\/kasvomaski-683x1024.jpg 683w, https:\/\/khb.fi\/wp-content\/uploads\/2022\/07\/kasvomaski-200x300.jpg 200w, https:\/\/khb.fi\/wp-content\/uploads\/2022\/07\/kasvomaski-768x1152.jpg 768w, https:\/\/khb.fi\/wp-content\/uploads\/2022\/07\/kasvomaski-1024x1536.jpg 1024w, https:\/\/khb.fi\/wp-content\/uploads\/2022\/07\/kasvomaski-920x1380.jpg 920w, https:\/\/khb.fi\/wp-content\/uploads\/2022\/07\/kasvomaski-230x345.jpg 230w, https:\/\/khb.fi\/wp-content\/uploads\/2022\/07\/kasvomaski-350x525.jpg 350w, https:\/\/khb.fi\/wp-content\/uploads\/2022\/07\/kasvomaski-480x720.jpg 480w, https:\/\/khb.fi\/wp-content\/uploads\/2022\/07\/kasvomaski.jpg 1280w\" sizes=\"(max-width: 683px) 100vw, 683px\" \/>\t\t\t\t\t\t\t\t<\/a>\n\t\t\t\t\t\t\t\t\t\t\t\t\t\t\t<\/div>\n\t\t\t\t<\/div>\n\t\t\t\t\t<\/div>\n\t\t<\/div>\n\t\t\t\t\t<\/div>\n\t\t<\/section>\n\t\t\t\t<section class=\"elementor-section elementor-top-section elementor-element elementor-element-f4f3426 elementor-section-boxed elementor-section-height-default elementor-section-height-default\" data-id=\"f4f3426\" data-element_type=\"section\">\n\t\t\t\t\t\t<div class=\"elementor-container elementor-column-gap-default\">\n\t\t\t\t\t<div class=\"elementor-column elementor-col-100 elementor-top-column elementor-element elementor-element-3aba8d5\" data-id=\"3aba8d5\" data-element_type=\"column\">\n\t\t\t<div class=\"elementor-widget-wrap elementor-element-populated\">\n\t\t\t\t\t\t<div class=\"elementor-element elementor-element-6168406 elementor-widget elementor-widget-heading\" data-id=\"6168406\" data-element_type=\"widget\" data-widget_type=\"heading.default\">\n\t\t\t\t<div class=\"elementor-widget-container\">\n\t\t\t\t\t<h2 class=\"elementor-heading-title elementor-size-default\">KHB HINNASTO<\/h2>\t\t\t\t<\/div>\n\t\t\t\t<\/div>\n\t\t\t\t<section class=\"elementor-section elementor-inner-section elementor-element elementor-element-1181237 elementor-section-boxed elementor-section-height-default elementor-section-height-default\" data-id=\"1181237\" data-element_type=\"section\">\n\t\t\t\t\t\t<div class=\"elementor-container elementor-column-gap-default\">\n\t\t\t\t\t<div class=\"elementor-column elementor-col-50 elementor-inner-column elementor-element elementor-element-c0ecf95\" data-id=\"c0ecf95\" data-element_type=\"column\">\n\t\t\t<div class=\"elementor-widget-wrap elementor-element-populated\">\n\t\t\t\t\t\t<div class=\"elementor-element elementor-element-2f11570 elementor-widget elementor-widget-text-editor\" data-id=\"2f11570\" data-element_type=\"widget\" data-widget_type=\"text-editor.default\">\n\t\t\t\t<div class=\"elementor-widget-container\">\n\t\t\t\t\t\t\t\t\t<strong>KASVOT<\/strong><br\/>\nKasvohoito 65\u20ac<br\/>\nHemmoittelu kasvohoito 75\u20ac<br\/>\n(Sis\u00e4lt\u00e4\u00e4 ihon mukaisen laitehoidon sek\u00e4 okluusionaamion)<br\/>\nNuoren ihon puhdistus (alle 18v) 50\u20ac<br\/>\nRipsien ja kulmien v\u00e4rj\u00e4ys 30\u20ac<br\/>\nRipsien tai kulmien v\u00e4rj\u00e4ys 15\u20ac<br\/>\nVarsiluomien poisto koaguloinilla 50\u20ac<br\/>\t\t\t\t\t\t\t\t<\/div>\n\t\t\t\t<\/div>\n\t\t\t\t\t<\/div>\n\t\t<\/div>\n\t\t\t\t<div class=\"elementor-column elementor-col-50 elementor-inner-column elementor-element elementor-element-6385591\" data-id=\"6385591\" data-element_type=\"column\">\n\t\t\t<div class=\"elementor-widget-wrap elementor-element-populated\">\n\t\t\t\t\t\t<div class=\"elementor-element elementor-element-e5079c4 elementor-widget elementor-widget-text-editor\" data-id=\"e5079c4\" data-element_type=\"widget\" data-widget_type=\"text-editor.default\">\n\t\t\t\t<div class=\"elementor-widget-container\">\n\t\t\t\t\t\t\t\t\t<p><strong>JALAT<\/strong><br \/>Jalkahoito 55\u20ac<br \/>Syylien poisto koaguloinnilla 50\u20ac<br \/>Sis\u00e4\u00e4nkasvaneen kynnen oikaisuhoito 50\u20ac<br \/>(jalkahoidon yhteydess\u00e4 20\u20ac)<\/p><p>Kenkien otsonointi 10\u20ac\/pari<\/p>\t\t\t\t\t\t\t\t<\/div>\n\t\t\t\t<\/div>\n\t\t\t\t\t<\/div>\n\t\t<\/div>\n\t\t\t\t\t<\/div>\n\t\t<\/section>\n\t\t\t\t<section class=\"elementor-section elementor-inner-section elementor-element elementor-element-659bc76 elementor-section-boxed elementor-section-height-default elementor-section-height-default\" data-id=\"659bc76\" data-element_type=\"section\">\n\t\t\t\t\t\t<div class=\"elementor-container elementor-column-gap-default\">\n\t\t\t\t\t<div class=\"elementor-column elementor-col-50 elementor-inner-column elementor-element elementor-element-c02b139\" data-id=\"c02b139\" data-element_type=\"column\">\n\t\t\t<div class=\"elementor-widget-wrap elementor-element-populated\">\n\t\t\t\t\t\t<div class=\"elementor-element elementor-element-227551d elementor-widget elementor-widget-text-editor\" data-id=\"227551d\" data-element_type=\"widget\" data-widget_type=\"text-editor.default\">\n\t\t\t\t<div class=\"elementor-widget-container\">\n\t\t\t\t\t\t\t\t\t<strong>HOIDOT<\/strong><br\/>\nKuumakivihieronta 60 min 70\u20ac<br\/>\nStressinpoistohoito 60min 70\u20ac<br\/>\nAroma, selluliitti tai \u00e4\u00e4nimaljahoito 60min 70\u20ac<br\/>\nKorvakynttil\u00e4 hoito 30min 30\u20ac<br\/>\nPainehoitoterapia kompressio bootseilla 45min 40\u20ac<br\/>\n\t\t\t\t\t\t\t\t<\/div>\n\t\t\t\t<\/div>\n\t\t\t\t\t<\/div>\n\t\t<\/div>\n\t\t\t\t<div class=\"elementor-column elementor-col-50 elementor-inner-column elementor-element elementor-element-1579259\" data-id=\"1579259\" data-element_type=\"column\">\n\t\t\t<div class=\"elementor-widget-wrap elementor-element-populated\">\n\t\t\t\t\t\t<div class=\"elementor-element elementor-element-de51138 elementor-widget elementor-widget-text-editor\" data-id=\"de51138\" data-element_type=\"widget\" data-widget_type=\"text-editor.default\">\n\t\t\t\t<div class=\"elementor-widget-container\">\n\t\t\t\t\t\t\t\t\t<p><strong>K\u00c4DET<\/strong><br \/>K\u00e4sien kylvetys, kuorinta, kynsien leikkaus, hieronta ja naamio 45\u20ac<br \/><br \/>Parafiinihoito (k\u00e4sille tai jaloille) 30min 30\u20ac<\/p>\t\t\t\t\t\t\t\t<\/div>\n\t\t\t\t<\/div>\n\t\t\t\t\t<\/div>\n\t\t<\/div>\n\t\t\t\t\t<\/div>\n\t\t<\/section>\n\t\t\t\t<section class=\"elementor-section elementor-inner-section elementor-element elementor-element-6d955bf elementor-section-boxed elementor-section-height-default elementor-section-height-default\" data-id=\"6d955bf\" data-element_type=\"section\">\n\t\t\t\t\t\t<div class=\"elementor-container elementor-column-gap-default\">\n\t\t\t\t\t<div class=\"elementor-column elementor-col-50 elementor-inner-column elementor-element elementor-element-4185958\" data-id=\"4185958\" data-element_type=\"column\">\n\t\t\t<div class=\"elementor-widget-wrap elementor-element-populated\">\n\t\t\t\t\t\t<div class=\"elementor-element elementor-element-dd935d9 elementor-widget elementor-widget-text-editor\" data-id=\"dd935d9\" data-element_type=\"widget\" data-widget_type=\"text-editor.default\">\n\t\t\t\t<div class=\"elementor-widget-container\">\n\t\t\t\t\t\t\t\t\t<strong>KARVOJENPOISTO<\/strong><br\/>\nS\u00e4\u00e4ret 30\u20ac<br\/>\nReidet 25\u20ac<br\/>\nBiginirajat 25\u20ac<br\/>\nKainalot 20\u20ac<br\/>\nLeuka 10\u20ac<br\/>\nYl\u00e4huuli 10\u20ac<br\/>\t\t\t\t\t\t\t\t<\/div>\n\t\t\t\t<\/div>\n\t\t\t\t\t<\/div>\n\t\t<\/div>\n\t\t\t\t<div class=\"elementor-column elementor-col-50 elementor-inner-column elementor-element elementor-element-1e40d94\" data-id=\"1e40d94\" data-element_type=\"column\">\n\t\t\t<div class=\"elementor-widget-wrap elementor-element-populated\">\n\t\t\t\t\t\t<div class=\"elementor-element elementor-element-35bd696 elementor-widget elementor-widget-text-editor\" data-id=\"35bd696\" data-element_type=\"widget\" data-widget_type=\"text-editor.default\">\n\t\t\t\t<div class=\"elementor-widget-container\">\n\t\t\t\t\t\t\t\t\t<p><strong>Paketti I:<\/strong><br \/>S\u00e4\u00e4ret+reidet 50\u20ac<\/p><p><strong>Paketti II:<\/strong><br \/>Bikini, s\u00e4\u00e4ret ja kainalot 70\u20ac<\/p><p><strong>Paketti III:<\/strong><br \/>Leuka ja yl\u00e4huuli 15\u20ac<\/p>\t\t\t\t\t\t\t\t<\/div>\n\t\t\t\t<\/div>\n\t\t\t\t\t<\/div>\n\t\t<\/div>\n\t\t\t\t\t<\/div>\n\t\t<\/section>\n\t\t\t\t\t<\/div>\n\t\t<\/div>\n\t\t\t\t\t<\/div>\n\t\t<\/section>\n\t\t\t\t<section class=\"elementor-section elementor-top-section elementor-element elementor-element-a25e98f elementor-section-boxed elementor-section-height-default elementor-section-height-default\" data-id=\"a25e98f\" data-element_type=\"section\">\n\t\t\t\t\t\t<div class=\"elementor-container elementor-column-gap-default\">\n\t\t\t\t\t<div class=\"elementor-column elementor-col-100 elementor-top-column elementor-element elementor-element-fe9c24c\" data-id=\"fe9c24c\" data-element_type=\"column\">\n\t\t\t<div class=\"elementor-widget-wrap elementor-element-populated\">\n\t\t\t\t\t\t<div class=\"elementor-element elementor-element-94bdfb7 elementor-widget-divider--view-line elementor-widget elementor-widget-divider\" data-id=\"94bdfb7\" data-element_type=\"widget\" data-widget_type=\"divider.default\">\n\t\t\t\t<div class=\"elementor-widget-container\">\n\t\t\t\t\t\t\t<div class=\"elementor-divider\">\n\t\t\t<span class=\"elementor-divider-separator\">\n\t\t\t\t\t\t<\/span>\n\t\t<\/div>\n\t\t\t\t\t\t<\/div>\n\t\t\t\t<\/div>\n\t\t\t\t\t<\/div>\n\t\t<\/div>\n\t\t\t\t\t<\/div>\n\t\t<\/section>\n\t\t\t\t<section class=\"elementor-section elementor-top-section elementor-element elementor-element-ae66d95 elementor-section-boxed elementor-section-height-default elementor-section-height-default\" data-id=\"ae66d95\" data-element_type=\"section\">\n\t\t\t\t\t\t<div class=\"elementor-container elementor-column-gap-default\">\n\t\t\t\t\t<div class=\"elementor-column elementor-col-100 elementor-top-column elementor-element elementor-element-bd3cd87\" data-id=\"bd3cd87\" data-element_type=\"column\">\n\t\t\t<div class=\"elementor-widget-wrap elementor-element-populated\">\n\t\t\t\t\t\t<div class=\"elementor-element elementor-element-fc9a2ac elementor-widget elementor-widget-image\" data-id=\"fc9a2ac\" data-element_type=\"widget\" data-widget_type=\"image.default\">\n\t\t\t\t<div class=\"elementor-widget-container\">\n\t\t\t\t\t\t\t\t\t\t\t\t\t\t\t<img fetchpriority=\"high\" decoding=\"async\" width=\"545\" height=\"256\" src=\"https:\/\/khb.fi\/wp-content\/uploads\/2025\/01\/khb-logo-white.png\" class=\"attachment-large size-large wp-image-934\" alt=\"\" srcset=\"https:\/\/khb.fi\/wp-content\/uploads\/2025\/01\/khb-logo-white.png 545w, https:\/\/khb.fi\/wp-content\/uploads\/2025\/01\/khb-logo-white-300x141.png 300w\" sizes=\"(max-width: 545px) 100vw, 545px\" \/>\t\t\t\t\t\t\t\t\t\t\t\t\t\t\t<\/div>\n\t\t\t\t<\/div>\n\t\t\t\t\t<\/div>\n\t\t<\/div>\n\t\t\t\t\t<\/div>\n\t\t<\/section>\n\t\t\t\t<section class=\"elementor-section elementor-top-section elementor-element elementor-element-c4a1999 elementor-section-boxed elementor-section-height-default elementor-section-height-default\" data-id=\"c4a1999\" data-element_type=\"section\">\n\t\t\t\t\t\t<div class=\"elementor-container elementor-column-gap-default\">\n\t\t\t\t\t<div class=\"elementor-column elementor-col-100 elementor-top-column elementor-element elementor-element-78c9af7\" data-id=\"78c9af7\" data-element_type=\"column\">\n\t\t\t<div class=\"elementor-widget-wrap elementor-element-populated\">\n\t\t\t\t\t\t<div class=\"elementor-element elementor-element-5191cf2 elementor-widget elementor-widget-spacer\" data-id=\"5191cf2\" data-element_type=\"widget\" data-widget_type=\"spacer.default\">\n\t\t\t\t<div class=\"elementor-widget-container\">\n\t\t\t\t\t\t\t<div class=\"elementor-spacer\">\n\t\t\t<div class=\"elementor-spacer-inner\"><\/div>\n\t\t<\/div>\n\t\t\t\t\t\t<\/div>\n\t\t\t\t<\/div>\n\t\t\t\t\t<\/div>\n\t\t<\/div>\n\t\t\t\t\t<\/div>\n\t\t<\/section>\n\t\t\t\t<section class=\"elementor-section elementor-top-section elementor-element elementor-element-cf20e32 elementor-section-boxed elementor-section-height-default elementor-section-height-default\" data-id=\"cf20e32\" data-element_type=\"section\">\n\t\t\t\t\t\t<div class=\"elementor-container elementor-column-gap-default\">\n\t\t\t\t\t<div class=\"elementor-column elementor-col-100 elementor-top-column elementor-element elementor-element-5b5ae6c\" data-id=\"5b5ae6c\" data-element_type=\"column\">\n\t\t\t<div class=\"elementor-widget-wrap elementor-element-populated\">\n\t\t\t\t\t\t<div class=\"elementor-element elementor-element-997c86f elementor-widget elementor-widget-text-editor\" data-id=\"997c86f\" data-element_type=\"widget\" data-widget_type=\"text-editor.default\">\n\t\t\t\t<div class=\"elementor-widget-container\">\n\t\t\t\t\t\t\t\t\t<p>Katja&#8217;s Home Beauty &#8211; Kosmetologi- ja jalkahoitopalvelut sek\u00e4 rentoutushoidot<\/p>\t\t\t\t\t\t\t\t<\/div>\n\t\t\t\t<\/div>\n\t\t\t\t\t<\/div>\n\t\t<\/div>\n\t\t\t\t\t<\/div>\n\t\t<\/section>\n\t\t\t\t<\/div>\n\t\t","protected":false},"excerpt":{"rendered":"<p>P. 044 2460 526 Katja&#8217;s Home Beauty tarjoaa kosmetologi- ja jalkahoitopalveluja sek\u00e4 rentoutushoitoja. Varaa aika soittamalla. Jos en ehdi vastaamaan, laita tekstiviesti tai whatsapp-viesti. Hoitoajat iltaisin ja viikonloppuisin. KHB HINNASTO KASVOT Kasvohoito 65\u20ac Hemmoittelu kasvohoito 75\u20ac (Sis\u00e4lt\u00e4\u00e4 ihon mukaisen laitehoidon sek\u00e4 okluusionaamion) Nuoren ihon puhdistus (alle 18v) 50\u20ac Ripsien ja kulmien v\u00e4rj\u00e4ys 30\u20ac Ripsien tai [&hellip;]<\/p>\n","protected":false},"author":1,"featured_media":0,"parent":0,"menu_order":0,"comment_status":"closed","ping_status":"closed","template":"elementor_canvas","meta":{"footnotes":""},"class_list":["post-741","page","type-page","status-publish","hentry"],"_links":{"self":[{"href":"https:\/\/khb.fi\/index.php?rest_route=\/wp\/v2\/pages\/741","targetHints":{"allow":["GET"]}}],"collection":[{"href":"https:\/\/khb.fi\/index.php?rest_route=\/wp\/v2\/pages"}],"about":[{"href":"https:\/\/khb.fi\/index.php?rest_route=\/wp\/v2\/types\/page"}],"author":[{"embeddable":true,"href":"https:\/\/khb.fi\/index.php?rest_route=\/wp\/v2\/users\/1"}],"replies":[{"embeddable":true,"href":"https:\/\/khb.fi\/index.php?rest_route=%2Fwp%2Fv2%2Fcomments&post=741"}],"version-history":[{"count":148,"href":"https:\/\/khb.fi\/index.php?rest_route=\/wp\/v2\/pages\/741\/revisions"}],"predecessor-version":[{"id":961,"href":"https:\/\/khb.fi\/index.php?rest_route=\/wp\/v2\/pages\/741\/revisions\/961"}],"wp:attachment":[{"href":"https:\/\/khb.fi\/index.php?rest_route=%2Fwp%2Fv2%2Fmedia&parent=741"}],"curies":[{"name":"wp","href":"https:\/\/api.w.org\/{rel}","templated":true}]}}